False
Is 1377 a multiple of 27?
True
Is 25387 a multiple of 200?
False
Is 4500 a multiple of 9?
True
Is 32411 a multiple of 129?
False
Is 14911 a multiple of 2?
False
Is 13 a factor of 291?
False
Is 25 a factor of 3224?
False
Is 13 a factor of 223?
False
Is 74672 a multiple of 8?
True
Is 148 a factor of 1332?
True
Does 408 divide 99960?
True
Is 65 a factor of 843?
False
Is 1040 a multiple of 56?
False
Is 1705 a multiple of 8?
False
Is 8 a factor of 32?
True
Is 860 a multiple of 17?
False
Does 6 divide 398?
False
Does 31 divide 102?
False
Is 75 a factor of 2003?
False
Is 20154 a multiple of 5?
False
Is 4095 a multiple of 105?
True
Is 5 a factor of 8562?
False
Is 2586 a multiple of 6?
True
Is 6160 a multiple of 22?
True
Does 9 divide 90?
True
Is 14 a factor of 6437?
False
Is 57 a factor of 298?
False
Is 45 a factor of 2266?
False
Is 6 a factor of 8916?
True
Is 16421 a multiple of 13?
False
Is 1638 a multiple of 63?
True
Does 25 divide 20815?
False
Is 3 a factor of 404?
False
Does 48 divide 2400?
True
Is 34 a factor of 825?
False
Is 18178 a multiple of 122?
True
Is 5359 a multiple of 83?
False
Is 37 a multiple of 4?
False
Is 23 a factor of 897?
True
Is 10549 a multiple of 33?
False
Does 71 divide 3408?
True
Does 13 divide 130?
True
Is 5 a factor of 56?
False
Is 9555 a multiple of 44?
False
Does 43 divide 1883?
False
Is 35 a factor of 490?
True
Is 7 a factor of 1725?
False
Does 22 divide 10641?
False
Is 992 a multiple of 31?
True
Is 1891 a multiple of 16?
False
Is 38900 a multiple of 131?
False
Is 49924 a multiple of 12?
False
Is 58864 a multiple of 11?
False
Is 40 a factor of 11520?
True
Is 882 a multiple of 9?
True
Is 9659 a multiple of 41?
False
Is 40 a factor of 2920?
True
Is 55955 a multiple of 31?
True
Is 226 a factor of 48297?
False
Is 34 a factor of 204?
True
Is 91 a factor of 4823?
True
Does 41 divide 1558?
True
Does 12 divide 13920?
True
Is 7484 a multiple of 31?
False
Is 1002 a multiple of 14?
False
Is 7548 a multiple of 111?
True
Is 4 a factor of 157?
False
Is 8 a factor of 665?
False
Is 152 a factor of 6693?
False
Is 33 a factor of 7304?
False
Is 21 a factor of 785?
False
Is 3569 a multiple of 83?
True
Does 35 divide 538?
False
Does 6 divide 327?
False
Is 1211 a multiple of 73?
False
Is 24854 a multiple of 45?
False
Is 18 a factor of 37497?
False
Does 8 divide 2871?
False
Is 290 a multiple of 5?
True
Is 29 a factor of 5510?
True
Is 3847 a multiple of 67?
False
Does 7 divide 327?
False
Is 660 a multiple of 44?
True
Is 9 a factor of 9108?
True
Does 7 divide 357?
True
Is 1053 a multiple of 9?
True
Is 24 a factor of 50856?
True
Is 15549 a multiple of 165?
False
Does 22 divide 926?
False
Does 60 divide 7737?
False
Is 59 a factor of 1557?
False
Is 18649 a multiple of 85?
False
Is 15 a factor of 330?
True
Is 12 a factor of 1044?
True
Is 90 a factor of 1465?
False
Is 26 a factor of 702?
True
Is 10494 a multiple of 18?
True
Does 20 divide 430?
False
Does 13 divide 64402?
True
Is 39 a factor of 19707?
False
Is 48 a factor of 4688?
False
Does 251 divide 54969?
True
Is 709 a multiple of 4?
False
Is 51 a factor of 71673?
False
Is 2 a factor of 1156?
True
Does 5 divide 2799?
False
Is 7695 a multiple of 11?
False
Is 9 a factor of 894?
False
Is 96607 a multiple of 259?
True
Is 26 a factor of 19084?
True
Is 359 a multiple of 210?
False
Is 13 a factor of 520?
True
Is 37 a factor of 814?
True
Is 54 a factor of 11565?
False
Does 42 divide 168?
True
Is 192 a multiple of 3?
True
Is 159 a factor of 5406?
True
Does 27 divide 702?
True
Is 37756 a multiple of 10?
False
Does 26 divide 9009?
False
Is 2580 a multiple of 16?
False
Does 6 divide 1491?
False
Is 19 a factor of 209?
True
Is 705 a multiple of 43?
False
Does 10 divide 993?
False
Is 476 a multiple of 14?
True
Is 3522 a multiple of 9?
False
Is 14793 a multiple of 68?
False
Does 11 divide 263?
False
Is 1751 a multiple of 17?
True
Does 33 divide 990?
True
Is 351 a multiple of 13?
True
Is 12 a factor of 999?
False
Is 6655 a multiple of 54?
False
Is 21 a factor of 1155?
True
Is 11 a factor of 2838?
True
Does 44 divide 2024?
True
Is 18928 a multiple of 169?
True
Is 4284 a multiple of 9?
True
Is 6973 a multiple of 16?
False
Is 56952 a multiple of 72?
True
Does 112 divide 39088?
True
Is 36358 a multiple of 23?
False
Does 111 divide 947?
False
Is 557 a multiple of 26?
False
Is 176 a factor of 5456?
True
Does 6 divide 146?
False
Does 3 divide 196?
False
Is 47 a factor of 3651?
False
Does 14 divide 1206?
False
Does 17 divide 986?
True
Does 47 divide 1034?
True
Is 268 even?
True
Is 40 a factor of 4120?
True
Is 3 a factor of 1090?
False
Is 34 a factor of 10897?
False
Is 6 a factor of 7152?
True
Does 24 divide 1392?
True
Does 3 divide 209?
False
Does 25 divide 14486?
False
Is 215 a multiple of 10?
False
Is 4 a factor of 837?
False
Does 4 divide 9219?
False
Is 50 a factor of 4291?
False
Is 59 a multiple of 2?
False
Is 1018 a multiple of 11?
False
Does 43 divide 301?
True
Is 2 a factor of 3466?
True
Is 4 a factor of 16524?
True
Is 5 a factor of 468?
False
Is 7 a factor of 378?
True
Is 664 a multiple of 4?
True
Is 2598 a multiple of 11?
False
Is 22 a factor of 2046?
True
Is 18 a factor of 1296?
True
Is 6 a factor of 15402?
True
Does 146 divide 20145?
False
Does 5 divide 1050?
True
Does 7 divide 276?
False
Is 159 a factor of 2703?
True
Does 49 divide 1902?
False
Is 73926 a multiple of 18?
True
Is 25 a factor of 575?
True
Is 33251 a multiple of 51?
False
Does 29 divide 609?
True
Is 214 a multiple of 33?
False
Is 3 a factor of 569?
False
Is 61 a multiple of 7?
False
Is 37737 a multiple of 63?
True
Does 249 divide 43103?
False
Is 21881 a multiple of 13?
False
Is 29 a factor of 35242?
False
Is 13855 a multiple of 17?
True
Is 10 a factor of 46596?
False
Does 61 divide 401?
False
Does 8 divide 2416?
True
Is 1812 a multiple of 26?
False
Is 3 a factor of 8244?
True
Does 6 divide 4350?
True
Is 32439 a multiple of 133?
False
Is 634 a multiple of 49?
False
Is 68 a factor of 4351?
False
Is 14 a factor of 5919?
False
Is 17 a factor of 11781?
True
Is 20 a multiple of 10?
True
Is 20 a factor of 968?
False
Does 25 divide 10725?
True
Is 117 a factor of 1755?
True
Is 34575 a multiple of 20?
False
Is 22 a factor of 1660?
False
Is 39 a factor of 2143?
False
Is 17 a factor of 45934?
True
Is 26 a factor of 702?
True
Is 4825 a multiple of 25?
True
Is 630 a multiple of 21?
True
Is 1454 a multiple of 12?
False
Is 218 a factor of 34183?
False
Is 11675 a multiple of 25?
True
Does 11 divide 2413?
False
Does 207 divide 2475?
False
Is 21 a factor of 4403?
False
Does 15 divide 2346?
False
Does 8 divide 256?
True
Is 11 a factor of 1005?
False
Is 15 a factor of 5220?
True
Does 58 divide 1145?
False
Is 54 a factor of 432?
True
Does 51 divide 59?
False
Is 4 a factor of 220?
True
Is 1440 a multiple of 5?
True
Does 2 divide 988?
True
Does 23 divide 989?
True
Is 2278 a multiple of 25?
False
Is 134 a factor of 29767?
False
Is 1120 a multiple of 20?
True
Is 5 a factor of 667?
False
Is 18471 a multiple of 226?
False
Does 24 divide 1053?
False
Is 1363 a multiple of 24?
False
Is 1410 a multiple of 69?
False
Is 5 a factor of 310?
True
Is 36897 a multiple of 25?
False
Is 11250 a multiple of 50?
True
Is 7 a factor of 861?
True
Is 6970 a multiple of 17?
True
Is 606 a multiple of 13?
False
Is 9 a factor of 9729?
True
Does 6 divide 2668?
False
Is 66733 a multiple of 15?
False
Is 33866 a multiple of 59?
True
Is 37 a factor of 6554?
False
Does 74 divide 431?
False
Is 320 a multiple of 16?
True
Is 30 even?
True
Is 6936 a multiple of 17?
True
Does 21 divide 5061?
True
Is 262 a factor of 524?
True
Is 91746 a multiple of 18?
True
Does 2 divide 102?
True
Is 3 a factor of 429?
True
Does 11 divide 6622?
True
Is 267 a multiple of 41?
False
Is 284 a factor of 4828?
True
Is 89 a factor of 101?
False
Does 42 divide 1025?
False
Does 8 divide 1216?
True
Is 38897 a multiple of 13?
False
Is 8 a factor of 264?
True
Is 860 a multiple of 43?
True
Is 74 a factor of 201?
False
Does 11 divide 328?
False
Does 22 divide 527?
False
Is 10 a factor of 22122?
False
Is 9144 a multiple of 72?
True
Is 15 a factor of 32656?
False
Is 1392 a multiple of 116?
True
Is 4600 a multiple of 46?
True
Is 882 even?
True
Does 5 divide 695?
True
Is 265 a multiple of 9?
False
Is 22402 a multiple of 23?
True
Is 